+ 87 = -42. Let y = 67 - p. List the prime factors of y.
2, 5, 11
Let d be (2/4)/(10/940). Suppose -4*m + d + 29 = 0. Let i = m - 3. What are the prime factors of i?
2
Let g(t) = 52*t - 89. List the prime factors of g(2).
3, 5
Let t = 105 - 74. Suppose f = t + 12. List the prime factors of f.
43
Let x(y) = -y**2 - 43*y - 6. What are the prime factors of x(-32)?
2, 173
Let o(k) = 185*k + 129. What are the prime factors of o(3)?
2, 3, 19
Suppose -8*f = -3*f - 85. Let s = f - 14. What are the prime factors of s/(-9) + 37/3?
2, 3
Let w be (-3)/(-7) + (-1 - 224/(-49)). Suppose -3*a + 366 = -o + w*o, a - 118 = 3*o. List the prime factors of a.
11
What are the prime factors of 15/(-25) - 18064/(-40)?
11, 41
Let u(w) = w**3 + 2*w**2 - 2*w - 4. Let i be u(-2). Suppose -b + 12 = 3*n, 5*b = n - i*n + 92. List the prime factors of b.
2, 3
Let m(t) be the third derivative of t**4/24 + t**3/6 + 4*t**2. Let u be m(-3). List the prime factors of ((-2)/(-4))/(u/(-36)).
3
Let m be (3 - 450/4)/((-3)/16). Suppose 5*q - m = -3*d + 4*d, 3*q - 344 = -d. List the prime factors of q.
2, 29
Let x(b) = b**3 - 2*b**2 - 3*b**2 + 0 + 0*b**3 + 2 - 6*b. Let z be x(6). Suppose 6*u = 3*u, z*u - 148 = -4*g. What are the prime factors of g?
37
Let g = 5 - 5. Let y(s) = -2*s + 80. List the prime factors of y(g).
2, 5
Suppose -11*w + 23*w = 1440. What are the prime factors of w?
2, 3, 5
List the prime factors of (15/5)/((12/1570)/2).
5, 157
Suppose q + w + 0*w = 4, q + 2*w - 8 = 0. Suppose 3*d = -4*x + x + 144, 4*d - 3*x - 199 = q. What are the prime factors of d?
7
Let g(w) = -2*w**3 + 55*w**2 + 18*w - 76. List the prime factors of g(24).
2, 1097
Let w be 120/(-6) + (-2)/1. List the prime factors of (3 - 1)*4/(-8)*w.
2, 11
Let w(h) = 45*h - 523. List the prime factors of w(31).
2, 109
Let p be (-8)/(-36) + 69/54*-98. Let w = p - -225. List the prime factors of w.
2, 5
List the prime factors of -3*(-2)/33 - (-305520)/88.
2, 7, 31
Suppose -13*t - 2124 = -19*t. List the prime factors of t.
2, 3, 59
Let r be 8/(-2) - (-16)/2. What are the prime factors of (-20)/r - -1 - -72?
2, 17
Let b(g) = g + 3 + 4*g**3 - 2 - 3*g**3. Let q(f) = 5*f**3 - f**2 - 1. Let x(y) = 2*b(y) - q(y). What are the prime factors of x(-2)?
3
Suppose 6*h + h = 49. Let o(t) = 6*t - 17. List the prime factors of o(h).
5
Let t(c) = c**2 - 5*c. Let q be t(5). Suppose 6*s - 84 = -q*s. List the prime factors of s.
2, 7
What are the prime factors of ((-30672)/(-180))/(6/80)?
2, 71
What are the prime factors of (-1 + 121)*60/8?
2, 3, 5
Let r = 6835 - 4434. List the prime factors of r.
7
Suppose -x + v - 1 = 0, 0*x - 3*x - 2*v + 22 = 0. Suppose z = x*w - 591, -w + z + 442 = 2*w. What are the prime factors of w?
149
Let t = 10 - 8. Suppose t*j = 6*j - 280. Suppose 4*n - 3*n = -c + 15, -3*c + 2*n = -j. List the prime factors of c.
2, 5
Let i = 1288 - 838. What are the prime factors of i?
2, 3, 5
Suppose 690*x - 728*x = -26410. List the prime factors of x.
5, 139
Suppose 4*v = -y - 22, 2*y + 6 = -3*v - 8. Suppose 0 = -b + 3*j + 33, -4*b + b + 83 = -5*j. Let n = b - v. What are the prime factors of n?
3
Suppose 17 - 12 = 5*c. Let g(b) = 120*b + 1. List the prime factors of g(c).
11
Let o(f) = f + 24. Let d(i) = -4*i - 95. Let s(r) = 2*d(r) + 9*o(r). What are the prime factors of s(-7)?
19
Let o(l) = 2*l**2 - 2*l - 9. Let x be o(4). List the prime factors of (-6)/x - (-3588)/20.
179
Let k = 132 - 67. Let f = k + 6. List the prime factors of f.
71
Suppose 0 = -4*n + 33 - 25. Suppose -n*t + 19 = -f, -t = -5*f + 2 + 2. List the prime factors of t.
11
Let o(b) = 24*b**3 - b**2 + b - 1. Let y be o(1). Suppose 0 = s + 2*h + 11, 0 = 2*s - 3*s - 5*h - y. What are the prime factors of 2 + (-1 - s) + 50?
2, 3
Suppose -4*u - 8 = 0, -2*t - 2*u + 1501 = -327. What are the prime factors of t?
2, 229
Let k be 33/11 + -1 + 0. Let t be 5/2 + (-1)/k. Suppose t*y + 56 = 6*y. List the prime factors of y.
2, 7
Suppose 4*a = 1 - 13. Let h be a*(44/(-12) - -2). Suppose -162 = -h*u + 2*v, -u + 6*v + 37 = v. List the prime factors of u.
2
Suppose -25*b = -29*b + 20, -z + 82 = 4*b. What are the prime factors of z?
2, 31
Let v(z) = 3*z + 2. Suppose 0*w + 16 = 4*w. Suppose -4*r - 6*o + 3*o = w, -5*o = 3*r + 14. List the prime factors of v(r).
2
List the prime factors of 42216/52 - 2/(-13).
2, 7, 29
Let f(a) be the second derivative of a**4/6 - 5*a**3/6 - 2*a**2 + 12*a. What are the prime factors of f(5)?
3, 7
Let l(q) be the second derivative of 7/2*q**2 - 1/6*q**3 + 0*q**4 + 1/20*q**5 + 5*q + 0. List the prime factors of l(0).
7
Suppose 0 = -5*r + 10*r - 325. Let j = 113 - r. List the prime factors of j.
2, 3
Suppose 11*c - 13*c = -646. What are the prime factors of c?
17, 19
Let j(x) = x**3 + 6*x**2 - 6*x. Let n be j(-7). What are the prime factors of (76 - -2) + 9 + n?
2, 5
Suppose 3 = -y - 2, y = 3*c + 31. What are the prime factors of 3 - (-1)/(c/4)*-3?
2
Let q be -4 - ((0 - -62) + 3). Let r = 117 + q. List the prime factors of r.
2, 3
Suppose 4*j = 60 + 40. Suppose -j = -q - 4*q. Suppose q*t - 15 = 0, -t - 153 = -4*x - 4*t. List the prime factors of x.
2, 3
Let v(w) = -2*w**3 - 3*w**2 - 4*w - 3. Let y be v(-2). Suppose y*k - 20 = 4*k. Suppose -k*c - z = -12, -c - z = -5*z - 3. List the prime factors of c.
3
Let i(p) = 0*p + p + 12 + 3*p - 6*p. Let d be i(7). Let l = 51 - d. What are the prime factors of l?
53
Suppose 0 = -a - 3*i - 12, i = 3*a - 2*i - 24. Suppose 0 = -2*x + 2*s + a*s + 16, -x + 38 = 5*s. Suppose -3*z + 162 = -x. What are the prime factors of z?
2, 3, 5
Let a(b) be the third derivative of -1/120*b**6 - 7/6*b**3 - 11*b**2 - 2/15*b**5 + 0 - 5/24*b**4 + 0*b. What are the prime factors of a(-8)?
3, 11
Let c(f) = f + 3. Let v be c(1). Suppose -4*j + v*o = -244, 0 = 4*j - o - 200 - 47. List the prime factors of j.
2, 31
Let a = 2 - -47. Suppose -2*z + z + a = -5*y, 2*y = -z + 28. Suppose 5*u = 186 + z. What are the prime factors of u?
2, 11
Let x be ((-2)/4)/(2/16). Let f(t) = 2*t**2 + 5. Let q be f(x). Suppose -d - d = 4*h - 62, 0 = -d - 4*h + q. List the prime factors of d.
5
Let c(g) be the third derivative of g**5/20 - g**4/4 - g**3/3 - 7*g**2. What are the prime factors of c(-4)?
2, 5, 7
Let i = 44 - 37. Suppose -4*t - m = -585, i*m = 4*t + 11*m - 600. List the prime factors of t.
5, 29
Suppose 2320 = -5*b + 9640. List the prime factors of b.
2, 3, 61
Let p = -505 + 1066. What are the prime factors of p?
3, 11, 17
Let t be (-240)/(-21) - (-15)/(-35). Suppose -t = 3*v + 1. What are the prime factors of 10/v*(-608)/20?
2, 19
Suppose -4281 = 27*x - 15027. What are the prime factors of x?
2, 199
Suppose -13*a = -1681 - 230. Suppose 2*q + 5*s = a, -2*s = -3*q - 4*s + 204. List the prime factors of q.
2, 3, 11
Let k be 8*(-1 - (-12)/8). Suppose -k = d - 1. What are the prime factors of -3 + d + 60/4?
3
Suppose 3*n + 5*x = 14, 0*n - 4*n - x = 4. Let w = 0 - -2. List the prime factors of 26 - w/(n/(-3)).
23
Let x = -281 - -303. Let y = 9 + -17. Let o = y + x. What are the prime factors of o?
2, 7
Let h(g) = 103*g**2 + 34*g - 157. What are the prime factors of h(4)?
1627
Suppose -4*x + x = -18. Suppose -24 = -3*r + x*r. Let a = -4 - r. What are the prime factors of a?
2
What are the prime factors of (-93095)/(-172)*(2 - -2)?
5, 433
Let d(b) = 54*b - 14. Let y be d(7). Suppose -3*l + y = -68. What are the prime factors of l?
2, 3
Let o(h) = -2*h**3 - 2*h**2 + 1. Let z be o(-1). Let n be z/2*(16 - 6). Let q = 7 + n. List the prime factors of q.
2, 3
Let a = 1556 - -130. List the prime factors of a.
2, 3, 281
Let i be 1 - (1 + (-7)/1). Let n(m) be the third derivative of m**4/24 + 2*m**3/3 + 2*m**2 - 4. List the prime factors of n(i).
11
Let n(x) = -x**3 + 13*x**2 - 6*x + 17. Let k be n(12). Suppose 6*r = k - 11. What are the prime factors of r?
13
Let q = 12 - 12. Suppose -2*s + 72 + 26 = q. What are the prime factors of s?
7
Let h(c) = 3*c - 4. Let l(s) = -s**3 - 4*s**2 + 3. Let w be l(-4). Let n be h(w). Suppose o - n = 0, 5*o - 85 = -3*u + 90. List the prime factors of u.
2, 5
Let g = 20 + -8. Let u = -12 + g. Suppose -2*r - 2*p + 52 = 2*p, u = -4*p. What are the prime factors of r?
2, 13
Suppose -4*j - 20 = 0, 4*p - j = 9*p - 3940. List the prime factors of p.
3, 263
Let g(s) = s + 3. Let u be g(-1). Suppose -3*w - 2*w + 14 = -4*d, -2*